 Calculate s(4).
8
Let x(m) = m**3 + m**2 + m. Let y be x(0). Let i(t) be the second derivative of 1/2*t**3 + y + 2*t - 5/2*t**2. Calculate i(5).
10
Let i(r) be the third derivative of -r**9/60480 - r**8/4032 + r**7/1260 + r**6/180 + 5*r**5/12 + 11*r**2. Let j(t) be the third derivative of i(t). Give j(-5).
-16
Let q = 5 - 2. Let w(z) be the second derivative of z**7/2520 - z**6/144 + z**5/30 - z**4/12 + 33*z. Let t(d) be the third derivative of w(d). What is t(q)?
-2
Let o be ((-2)/6)/((-21)/(-9) - 2). Let t be (o - 0/(2 + -3))/(-1). Let x(f) = 6*f. Calculate x(t).
6
Let c(o) = -27*o**3 - 9*o**3 - 11*o + 37*o**3 - 2*o**3 + 1 - 6 - 6*o**2. What is c(-5)?
25
Suppose 193*t - 20 = 188*t. Suppose i = -3 + 4. Let a(v) = 2*v + i - v + 4*v - t*v. What is a(5)?
6
Let j(p) = 14 - 3*p**3 - 13 + 4*p**3 - p + 0*p + p**2. Let x be j(0). Let q(r) = 4 - x + 6 - 2*r - 8. Determine q(3).
-5
Let o(t) be the third derivative of -1/12*t**4 + 0 - 10*t**2 + 0*t + 0*t**3 - 1/120*t**6 + 1/15*t**5. Let y(n) = -n**2 + 12*n + 16. Let r be y(13). Give o(r).
3
Let c(n) = -42*n**3 - n**2 + 4*n. Let r(y) = -28*y**3 - y**2 + 3*y. Let q(z) = 5*c(z) - 7*r(z). Let w = 54 - 43. Suppose w*s = 7 + 4. Give q(s).
-13
Let t be 5/25 - (3 - 24/5). Suppose -o = -5*k + 9, 3*o - k + 11 + t = 0. Let f(n) = n**2 + 3*n + 6. What is f(o)?
10
Let k be (14 + (11 - 19))/2. Let p(o) = o**3 - 3*o**2 - o - 1. Determine p(k).
-4
Let p(a) = 1 + 0*a**2 - 2*a + a**2 - 3*a + 9*a. Let x be p(-4). Let j(l) = 4*l**3 - l + 1. Calculate j(x).
4
Let z(c) be the first derivative of -c + 3/2*c**2 - 37. Give z(-4).
-13
Let i = 291 + -295. Let c(n) = 57*n + 15. Let t(o) = -7*o - 2. Let z(l) = l**3 + l**2 + l + 2. Let d be z(-2). Let y(q) = d*c(q) - 33*t(q). Calculate y(i).
-6
Suppose 2*l = -l + w - 11, -5*l + 2*w = 19. Let r(h) be the second derivative of h**4/12 + h**3/2 - 2*h**2 - 8*h - 3. What is r(l)?
-4
Let o(k) = k + 5178*k**2 - 3*k**3 + 2*k**3 - 5182*k**2 + 3. Determine o(-3).
-9
Suppose -4*c = -8*c + 8. Let o(d) be the third derivative of d**7/5040 - d**6/360 + d**5/20 - d**2. Let t(a) be the third derivative of o(a). Determine t(c).
0
Let q be -1*(-6)/(-1 + 3). Let t(p) = 11 + 2*p**3 + 8*p**2 - 2*p - 3*p**2 - 3*p**q. Let w be t(5). Let u(c) = 17*c - 1. What is u(w)?
16
Let j(c) be the first derivative of -c**3/3 + 9*c**2 - 69*c - 271. Determine j(13).
-4
Suppose 2 + 14 = 4*r. Suppose -y = n + 6, n + 30 = -r*n - 2*y. Let c(o) = o. What is c(n)?
-6
Let z(k) = 1. Let o(f) = 3*f - 6. Let h = -10 - -2. Let q be h/36 - 166/(-18). Let v(p) = q*z(p) + o(p). Give v(-3).
-6
Let x be 2/(-6)*(-3 - 0). Let j(r) = x + 0*r**2 + 2*r - 5 - 4 + 2*r**2. Let i(c) = -c**2 - c + 5. Let k(v) = 8*i(v) + 5*j(v). Calculate k(-2).
4
Let s(r) = r**3 + 6*r**2 - 9*r - 7. Let j be s(-7). Let p be (5 - -4)*j/21. Let m(a) = a**3 - 4*a**2 + a - 4. Determine m(p).
-10
Let f be 3/2 + 4/8. Let m(q) = -17*q - 1 + 7 + 18*q + 4*q**2 - 8. Calculate m(f).
16
Suppose -13*q = -34*q + 483. Let g(z) = -z**3 + 24*z**2 - 23*z - 1. Give g(q).
-1
Let j(q) = q**2 + 31*q - 572. Let c be j(-44). Let b(m) = 2*m + 8. Calculate b(c).
8
Let o(v) be the first derivative of 4*v**2 - 77. Calculate o(1).
8
Let u = -77 + 68. Let b = u + 6. Let q(m) = m - 3. Give q(b).
-6
Suppose -4*s + 3*s = -14. Let o be ((-14)/7)/(-2)*(-1 + 1). Suppose -5*p - 10 = o, p + 3*p = 2*l - s. Let i(u) = -u**2 + u - 1. What is i(l)?
-7
Let p be -7*(-2 + 3)/(-1). Let v be p/28 - 2/8. Let x(n) = n - n**3 + 3 - 4 - 3. What is x(v)?
-4
Let n(j) be the third derivative of j**5/60 - j**4/3 - 5*j**3/2 + 131*j**2. Give n(11).
18
Let o(b) = -7*b - 5. Let f(g) = -18*g - 22. Let r(l) = 6*l + 7. Let x(q) = -3*f(q) - 10*r(q). Let m(p) = 5*o(p) - 6*x(p). Give m(7).
6
Let x(w) = 1123*w - 556*w - 566*w. Determine x(11).
11
Let l = 10 + 5. Suppose -11*r + 35*r = -336. Let m = r + l. Let d(i) = -7*i**2 - i + 1. What is d(m)?
-7
Let k(a) be the first derivative of -2*a**2 + 88*a + 682. Calculate k(24).
-8
Let l be (-33)/(-7) - 10/(-35). Suppose 2*j - j - 9 = -a, -l*a = -2*j - 24. Let x(p) = 3*p - 2 - p - a + 0*p. What is x(6)?
4
Let v(u) = -4*u - 6. Suppose 407*a = 379*a - 280. What is v(a)?
34
Let o(f) = 23*f - 11. Let w(l) = 4*l - 2. Let a be -4*(-1 - 15/(-6)). Let v(i) = a*o(i) + 34*w(i). Determine v(2).
-6
Let j(n) be the first derivative of 3*n**2/2 - 496. Calculate j(11).
33
Let h(c) = -c**2 - 8*c - 6. Let r be h(-7). Let n(t) = -3*t - r - 8*t**2 + 20*t**2 - 13*t**2 + 0*t. Determine n(-1).
1
Let g(f) = f**2 + 3*f. Let h(b) = 6*b + 14. Let y = 28 + -31. Let a be h(y). Calculate g(a).
4
Suppose p = 5*x - 112 + 146, 2*p + 4*x + 44 = 0. Let v(d) be the second derivative of d**3/6 + 4*d**2 - d. Give v(p).
2
Let a(i) = -3*i + 4. Suppose -21*x - 24 = -13*x. Calculate a(x).
13
Let x(y) = -y**3 - 6*y**2 + 2*y - 3. Let b be -9*(-6)/(-12)*(-4)/6. Suppose b*d - 28 = 4*q + d, -3*d = -6. Determine x(q).
-15
Suppose -786*t + 11 = -797*t. Let s(q) = -5*q**2 - 4*q - 3. Let d(j) = 14*j**2 - 2 + 11*j + 7 + 3. Let p(i) = 3*d(i) + 8*s(i). Determine p(t).
1
Let x(k) = -7*k**2 + k - 1. Let q(r) = -r**3 + 37*r**2 + 39*r - 39. Let u be q(38). What is x(u)?
-9
Let l = 80 - 79. Let r(d) = d**3 - d - 1. Let t(p) = -2*p**3 + p**2 + 2*p - 4. Let u(a) = l*r(a) + t(a). Calculate u(0).
-5
Let x(h) = h**2 + h + 1. Let v(i) = i**3 - 2*i**2 + i + 9. Let o(z) = -v(z) + 4*x(z). Determine o(6).
13
Let p(j) = 2*j - 5. Let l be p(4). Suppose -2*a + 2*b = 4*b, 35 = -4*a + l*b. Let t be 20/50*a*1. Let g(o) = -3*o**2 - 2*o - 1. What is g(t)?
-9
Suppose 4*v + g - 14 = 0, -5*v + 8 - 1 = -4*g. Let j(m) = 19*m - 5. Let s(n) = -10*n + 2. Let p(y) = v*j(y) + 7*s(y). Determine p(1).
-14
Let y(m) be the first derivative of -m**3/3 + m**2 + 287. Calculate y(4).
-8
Suppose 0 = -4*i + 5*i - 3. Suppose g - i*g = -8. Let y(x) = -8*x + 3 + 2*x + 3*x**3 + 6*x**2 - 4*x**3. Determine y(g).
11
Let t(y) = -y**3 - y**2 + y + 4. Let q = 59 - 59. What is t(q)?
4
Let c(s) = -s**2 + 11*s - 9. Let a be c(10). Let o(j) = -j + 4*j**2 - 5*j**2 + 2 - 1 + a. Let g = 2 + -4. Give o(g).
0
Let p(d) be the second derivative of 5*d**3/6 - d. Let j be (14/21)/(1/3). Suppose 2*f + 2*b = -8, -4*b - 19 = -f + j. Calculate p(f).
5
Let n(p) be the third derivative of 1/2*p**3 - 1/12*p**5 - 1/120*p**6 + 0 + 7/24*p**4 + p**2 + 0*p. Let j(i) = -3*i**2 + 12*i - 18. Let t be j(2). Give n(t).
-3
Let a(f) be the second derivative of 0*f**3 + 0 + 1/40*f**6 + f - 3/2*f**2 + 1/60*f**5 - 1/24*f**4. Let o(h) be the first derivative of a(h). Calculate o(1).
3
Let o(v) = -v. Let g be o(6). Let d(k) be the second derivative of -1/6*k**3 + 0 - 8*k + k**2. Give d(g).
8
Let h(p) = -p**2 - 31*p + 257. Let l be h(-38). Let r(y) = -4*y - 17. Calculate r(l).
19
Let m(z) = -2*z**3 - 3*z**2 - 3*z - 2. Let t be m(-2). Let b = t - 0. Let y(j) = -j**3 + 7*j**2 + 7*j + 4. Determine y(b).
-4
Let q be ((-1)/(-3))/((-1)/(-6)). Let u(k) = -9*k**2 + 7*k**2 + 2 - 3*k + k**q. Suppose -2*l + 0 = -3*f - 2, -24 = f + 4*l. What is u(f)?
-2
Let r = 121 + -120. Let i(h) = 13*h - 7. Let n(x) = 12*x - 6. Let t(c) = -5*i(c) + 6*n(c). Calculate t(r).
6
Let r be 6/4*(-8)/(-2). Let q(g) = -649 - 6*g**2 + g**3 - g - 655 + 1309. Calculate q(r).
-1
Let h = 6 + -4. Let y(g) = -5 - 4 - 5 + 11 + g. What is y(h)?
-1
Let y(o) = o**3 - 6*o**2 - 7*o + 6. Let i be (4 - 18)/(-1*(-2 + 4)). What is y(i)?
6
Let h(a) = -4*a**2 - 6*a - 4. Let z(i) = 6*i**2 + 6*i + 5. Let v(x) = -4*h(x) - 3*z(x). Give v(5).
-19
Let d(i) = -i - 13. Let m be d(-11). Let x(s) = -3*s - 10. Let q be x(m). Let k(t) = -t**2 - 5*t - 3. Determine k(q).
1
Let z be (6/(-9))/((-28)/(-378)). Let j(y) = -y**3 - 8*y**2 + 9*y - 11. Calculate j(z).
-11
Let j(g) = -2*g - 2. Let s(l) = -l - 3. Suppose 4*z + 23 = 3. Let d(p) = z*s(p) + 4*j(p). Let i = 1482 + -1477. Calculate d(i).
-8
Let m(s) be the second derivative of s**3/6 + 9*s**2/2 - 56*s. Give m(0).
9
Let k(a) be the first derivative of 2*a**3/3 - 2*a**2 - 2*a - 295. What is k(4)?
14
Suppose c = 6*c + 3*m - 6, 4*m - 8 = -2*c. Suppose 3*o + c*o = -4*u + 22, 4*o - 25 = -u. Let z(g) = g**2 - 7*g + 9. Calculate z(o).
3
Let v(p) = 11*p**2 + 4*p - 5. Let z(x) = -23*x**2 - 9*x + 11. Suppose 0 = -3*w + 5*w - 12. Let m(n) = w*z(n) + 13*v(n). Calculate m(1).
4
Let j(m) = -6*m + 2. Let i = 38 + 3. Suppose 0 = -g + 43 - i. Give j(g).